{"id":91,"date":"2023-02-10T20:24:47","date_gmt":"2023-02-10T20:24:47","guid":{"rendered":"https:\/\/scharbachhof-glottertal.de\/?page_id=91"},"modified":"2023-02-10T21:12:47","modified_gmt":"2023-02-10T21:12:47","slug":"anreise-kontakt","status":"publish","type":"page","link":"https:\/\/scharbachhof-glottertal.de\/?page_id=91","title":{"rendered":"Anreise \/ Kontakt"},"content":{"rendered":"\n<p>Mit dem Auto von der A 5, Abfahrt Freiburg-Nord\/Glottertal, Glottertal ist weiterhin<br>ausgeschildert. Nach dem Ortseingang fahren Sie ca. 2,5 km (durch den Ortskern mit Kirche)<br>weiter; auf der rechten Seite ist das Gasthaus \u201eZur Linde\u201c. Kurz darauf \u2013 auf H\u00f6he des Freibades biegen Sie rechts ab in den Ahlenbachweg (abbiegen direkt vor einem kleinen S\u00e4gewerk).<\/p>\n\n\n\n<figure class=\"wp-block-image size-full\"><img loading=\"lazy\" decoding=\"async\" width=\"150\" height=\"238\" src=\"https:\/\/scharbachhof-glottertal.de\/wp-content\/uploads\/2023\/02\/anreise_schild.jpg\" alt=\"\" class=\"wp-image-92\"\/><\/figure>\n\n\n\n<p>Sie folgen dem Ahlenbachweg und \u00fcberqueren die Kandelstra\u00dfe, der Ahlenbachweg f\u00fchrt direkt<br>auf unseren Hof zu (unten stehende Grafik k\u00f6nnen Sie hier als pdf downloaden).<\/p>\n\n\n\n<figure class=\"wp-block-image size-full\"><a href=\"https:\/\/scharbachhof-glottertal.de\/wp-content\/uploads\/2023\/02\/Wegbeschreibung.pdf\" target=\"_blank\" rel=\"noreferrer noopener\"><img loading=\"lazy\" decoding=\"async\" width=\"650\" height=\"373\" src=\"https:\/\/scharbachhof-glottertal.de\/wp-content\/uploads\/2023\/02\/Wegbeschreibung.gif\" alt=\"\" class=\"wp-image-93\"\/><\/a><\/figure>\n\n\n\n<p>Wir freuen uns \u00fcber Ihre Anfrage:<\/p>\n\n\n\n<p>Gabi und Karl Josef Herbstritt<br>Ahlenbachweg 4<br>D-79286 Glottertal<\/p>\n\n\n\n<p>Tel. + 49 7684 241<br>Fax: +49 7684 908859<br>Email: info@scharbachhof.de<\/p>\n","protected":false},"excerpt":{"rendered":"<p>Mit dem Auto von der A 5, Abfahrt Freiburg-Nord\/Glottertal, Glottertal ist weiterhinausgeschildert. Nach dem Ortseingang fahren Sie ca. 2,5 km (durch den Ortskern mit Kirche)weiter; auf der rechten Seite ist das Gasthaus \u201eZur Linde\u201c. Kurz darauf \u2013 auf H\u00f6he des Freibades biegen Sie rechts ab&nbsp;<a class=\"read-more\" href=\"https:\/\/scharbachhof-glottertal.de\/?page_id=91\">&hellip;<\/a><\/p>\n","protected":false},"author":1,"featured_media":0,"parent":0,"menu_order":0,"comment_status":"closed","ping_status":"closed","template":"","meta":{"footnotes":""},"class_list":["post-91","page","type-page","status-publish","hentry"],"_links":{"self":[{"href":"https:\/\/scharbachhof-glottertal.de\/index.php?rest_route=\/wp\/v2\/pages\/91","targetHints":{"allow":["GET"]}}],"collection":[{"href":"https:\/\/scharbachhof-glottertal.de\/index.php?rest_route=\/wp\/v2\/pages"}],"about":[{"href":"https:\/\/scharbachhof-glottertal.de\/index.php?rest_route=\/wp\/v2\/types\/page"}],"author":[{"embeddable":true,"href":"https:\/\/scharbachhof-glottertal.de\/index.php?rest_route=\/wp\/v2\/users\/1"}],"replies":[{"embeddable":true,"href":"https:\/\/scharbachhof-glottertal.de\/index.php?rest_route=%2Fwp%2Fv2%2Fcomments&post=91"}],"version-history":[{"count":2,"href":"https:\/\/scharbachhof-glottertal.de\/index.php?rest_route=\/wp\/v2\/pages\/91\/revisions"}],"predecessor-version":[{"id":122,"href":"https:\/\/scharbachhof-glottertal.de\/index.php?rest_route=\/wp\/v2\/pages\/91\/revisions\/122"}],"wp:attachment":[{"href":"https:\/\/scharbachhof-glottertal.de\/index.php?rest_route=%2Fwp%2Fv2%2Fmedia&parent=91"}],"curies":[{"name":"wp","href":"https:\/\/api.w.org\/{rel}","templated":true}]}}