{"id":41,"date":"2023-02-10T17:21:23","date_gmt":"2023-02-10T17:21:23","guid":{"rendered":"https:\/\/scharbachhof-glottertal.de\/?page_id=41"},"modified":"2025-05-14T17:36:24","modified_gmt":"2025-05-14T17:36:24","slug":"damwild","status":"publish","type":"page","link":"https:\/\/scharbachhof-glottertal.de\/?page_id=41","title":{"rendered":"Damwild"},"content":{"rendered":"\n<p>Eine Herde von ca. 100 Tieren halten wir in unseren Streuobstwiesen.<\/p>\n\n\n\n<p>Wie w\u00e4re es mal mit einem St\u00fcck Damwild oder Rehwild aus eigener Jagd?<\/p>\n\n\n\n<p>R\u00fccken, Gulasch oder Braten<\/p>\n\n\n\n<h4 class=\"wp-block-heading\">Preisliste<\/h4>\n\n\n\n<figure class=\"wp-block-table is-style-stripes\"><table class=\"has-fixed-layout\"><thead><tr><th>Fleisch<\/th><th>\u20ac\/kg<\/th><\/tr><\/thead><tbody><tr><td>Gulasch<\/td><td>16,00<\/td><\/tr><tr><td>Braten aus der Keule mit Knochen<\/td><td>20,00<\/td><\/tr><tr><td>Braten oder Steaks aus der Keule ohne Knochen<\/td><td>24,00<\/td><\/tr><tr><td>R\u00fccken mit Knochen<\/td><td>24,00<\/td><\/tr><tr><td>R\u00fccken ohne Knochen<\/td><td>36,00<\/td><\/tr><tr><td>Ganzes Tier, grob zerlegt<\/td><td>6,50<\/td><\/tr><\/tbody><\/table><figcaption class=\"wp-element-caption\">Alle Preise verstehen sich inkl. Mehrwertsteuer ab Hof \/ alle Angaben ohne Gew\u00e4hr.<\/figcaption><\/figure>\n\n\n\n<div style=\"height:35px\" aria-hidden=\"true\" class=\"wp-block-spacer\"><\/div>\n\n\n\n<p><em>Wir freuen uns auf Ihre Bestellung!<\/em><\/p>\n\n\n\n<p>Kommen Sie vorbei oder rufen Sie an (Tel. 07684 \/ 241)<\/p>\n\n\n\n<p>Familie Herbstritt<\/p>\n\n\n\n<hr class=\"wp-block-separator has-alpha-channel-opacity\"\/>\n\n\n\n<p><strong>Unsere Herde<\/strong><\/p>\n\n\n\n<!-- Final Tiles Grid Gallery for WordPress v3.6.13 free --><style>#ftg-33 .tile .icon { color:#ffffff; }#ftg-33 .ftg-items .loading-bar i { background:#666; }#ftg-33 .ftg-items .loading-bar { background:#fff; }#ftg-33 .tile .icon { font-size:12px; }#ftg-33 .tile .icon { margin: -6px 0 0 -6px; }#ftg-33 .tile .caption-block .text-wrapper span.text { font-size:12px; }#ftg-33 .tile .caption-outside .text-wrapper span.text { font-size:12px; }#ftg-33 .tile .caption-block .text-wrapper span.title { font-size:14px; }#ftg-33 .tile .caption-outside .text-wrapper span.title { font-size:14px; }#ftg-33 .tile { background-color: transparent; }#ftg-33 .tile .caption-block .text-wrapper span.text { color: #ffffff; }#ftg-33 .tile .caption-block .text-wrapper span.title { color: #ffffff; }#ftg-33 .tile .caption-outside .text-wrapper span.text { color: #ffffff; }#ftg-33 .tile .caption-outside .text-wrapper span.title { color: #ffffff; }#ftg-33 .tile .ftg-social a { color: #ffffff; }#ftg-33 .tile .caption-block { transition-duration:0.25s; }#ftg-33 .tile .tile-inner:before { background-color: #000000; }#ftg-33 .tile .tile-inner:before { background-color: rgba(0, 0, 0, 0.8); }#ftg-33 .tile:hover img {-moz-transform: -moz-rotate(0deg) -moz-scale(0) ;-webkit-transform: -webkit-rotate(0deg) -webkit-scale(0) ;-o-transform: -o-rotate(0deg) -o-scale(0) ;-ms-transform: -ms-rotate(0deg) -ms-scale(0) ;transform: rotate(0deg) scale(0) ;}<\/style><a name=\"3\"><\/a><div class=\"final-tiles-gallery  ftg-hover-enabled caption-inside  caption-none caption-middle caption-center\" id=\"ftg-33\" style=\"width: 100%\"><div class='ftg-items'><div class='loading-bar'><i><\/i><\/div><div  class='tile ftg-preload  '><a title=\"Moritz\" data-lightbox='ftg-33' rel='ftg-33'  class=' tile-inner  ftg-lightbox' href='https:\/\/scharbachhof-glottertal.de\/wp-content\/uploads\/2023\/02\/04-Moritz.jpg' ><img alt='Moritz' class='item skip-lazy' data-class='item' data-ftg-source='https:\/\/scharbachhof-glottertal.de\/wp-content\/uploads\/2023\/02\/04-Moritz.jpg' src='https:\/\/scharbachhof-glottertal.de\/wp-content\/uploads\/2023\/02\/04-Moritz.jpg' width='800' height='600' \/><div class='caption-block'><div class='text-wrapper'><span class='title'>Moritz<\/span><span class='text'>Moritz<\/span><\/div><\/div><\/a><div class='ftg-social'><\/div><\/div><div  class='tile ftg-preload  '><a title=\"Kleine F\u00fctterung\" data-lightbox='ftg-33' rel='ftg-33'  class=' tile-inner  ftg-lightbox' href='https:\/\/scharbachhof-glottertal.de\/wp-content\/uploads\/2023\/02\/03-Kleine-Fuetterung.jpg' ><img alt='Kleine F\u00fctterung' class='item skip-lazy' data-class='item' data-ftg-source='https:\/\/scharbachhof-glottertal.de\/wp-content\/uploads\/2023\/02\/03-Kleine-Fuetterung.jpg' src='https:\/\/scharbachhof-glottertal.de\/wp-content\/uploads\/2023\/02\/03-Kleine-Fuetterung.jpg' width='800' height='600' \/><div class='caption-block'><div class='text-wrapper'><span class='title'>Kleine F\u00fctterung<\/span><span class='text'>Kleine F\u00fctterung<\/span><\/div><\/div><\/a><div class='ftg-social'><\/div><\/div><div  class='tile ftg-preload  '><a title=\"Ein Teil unserer Herde\" data-lightbox='ftg-33' rel='ftg-33'  class=' tile-inner  ftg-lightbox' href='https:\/\/scharbachhof-glottertal.de\/wp-content\/uploads\/2023\/02\/02-Die-Herde-besteht-aus-ca.-100-Tieren.jpg' ><img alt='Ein Teil unserer Herde' class='item skip-lazy' data-class='item' data-ftg-source='https:\/\/scharbachhof-glottertal.de\/wp-content\/uploads\/2023\/02\/02-Die-Herde-besteht-aus-ca.-100-Tieren.jpg' src='https:\/\/scharbachhof-glottertal.de\/wp-content\/uploads\/2023\/02\/02-Die-Herde-besteht-aus-ca.-100-Tieren.jpg' width='800' height='600' \/><div class='caption-block'><div class='text-wrapper'><span class='title'>Ein Teil unserer Herde<\/span><span class='text'>Ein Teil unserer Herde<\/span><\/div><\/div><\/a><div class='ftg-social'><\/div><\/div><div  class='tile ftg-preload  '><a title=\"Damwild\" data-lightbox='ftg-33' rel='ftg-33'  class=' tile-inner  ftg-lightbox' href='https:\/\/scharbachhof-glottertal.de\/wp-content\/uploads\/2023\/02\/01-Das-Damwild.jpg' ><img alt='Damwild' class='item skip-lazy' data-class='item' data-ftg-source='https:\/\/scharbachhof-glottertal.de\/wp-content\/uploads\/2023\/02\/01-Das-Damwild.jpg' src='https:\/\/scharbachhof-glottertal.de\/wp-content\/uploads\/2023\/02\/01-Das-Damwild.jpg' width='800' height='600' \/><div class='caption-block'><div class='text-wrapper'><span class='title'>Damwild<\/span><span class='text'>Damwild<\/span><\/div><\/div><\/a><div class='ftg-social'><\/div><\/div><\/div><\/div>\n","protected":false},"excerpt":{"rendered":"<p>Eine Herde von ca. 100 Tieren halten wir in unseren Streuobstwiesen. Wie w\u00e4re es mal mit einem St\u00fcck Damwild oder Rehwild aus eigener Jagd? R\u00fccken, Gulasch oder Braten Preisliste Fleisch \u20ac\/kg Gulasch 16,00 Braten aus der Keule mit Knochen 20,00 Braten oder Steaks aus der&nbsp;<a class=\"read-more\" href=\"https:\/\/scharbachhof-glottertal.de\/?page_id=41\">&hellip;<\/a><\/p>\n","protected":false},"author":1,"featured_media":42,"parent":2,"menu_order":3,"comment_status":"closed","ping_status":"closed","template":"","meta":{"footnotes":""},"class_list":["post-41","page","type-page","status-publish","has-post-thumbnail","hentry"],"_links":{"self":[{"href":"https:\/\/scharbachhof-glottertal.de\/index.php?rest_route=\/wp\/v2\/pages\/41","targetHints":{"allow":["GET"]}}],"collection":[{"href":"https:\/\/scharbachhof-glottertal.de\/index.php?rest_route=\/wp\/v2\/pages"}],"about":[{"href":"https:\/\/scharbachhof-glottertal.de\/index.php?rest_route=\/wp\/v2\/types\/page"}],"author":[{"embeddable":true,"href":"https:\/\/scharbachhof-glottertal.de\/index.php?rest_route=\/wp\/v2\/users\/1"}],"replies":[{"embeddable":true,"href":"https:\/\/scharbachhof-glottertal.de\/index.php?rest_route=%2Fwp%2Fv2%2Fcomments&post=41"}],"version-history":[{"count":12,"href":"https:\/\/scharbachhof-glottertal.de\/index.php?rest_route=\/wp\/v2\/pages\/41\/revisions"}],"predecessor-version":[{"id":251,"href":"https:\/\/scharbachhof-glottertal.de\/index.php?rest_route=\/wp\/v2\/pages\/41\/revisions\/251"}],"up":[{"embeddable":true,"href":"https:\/\/scharbachhof-glottertal.de\/index.php?rest_route=\/wp\/v2\/pages\/2"}],"wp:featuredmedia":[{"embeddable":true,"href":"https:\/\/scharbachhof-glottertal.de\/index.php?rest_route=\/wp\/v2\/media\/42"}],"wp:attachment":[{"href":"https:\/\/scharbachhof-glottertal.de\/index.php?rest_route=%2Fwp%2Fv2%2Fmedia&parent=41"}],"curies":[{"name":"wp","href":"https:\/\/api.w.org\/{rel}","templated":true}]}}